 + 16 = -10*n, 3*y - 4 = 4*n. Let l = 7 + n. Suppose 0*s + l*s = 15. What is the units digit of s?
5
Let m be ((-3)/(-3))/(1/4*-2). What is the tens digit of 11/(-22) + (-213)/m?
0
Suppose s = 3*t - 0*s - 208, -5*t = -4*s - 356. Suppose -t + 343 = 5*y. What is the tens digit of y?
5
Suppose -3*l - 2*l - 25 = -2*o, -35 = -3*o + 5*l. Let u be ((-4)/o)/(10/(-50)). Suppose -3*p + 0*p + b = -8, -u*b - 12 = -5*p. What is the units digit of p?
4
What is the hundreds digit of -4 - 8*((-1499)/4 - -3)?
9
Suppose 14 = -5*w + 59. Let g(u) = -3*u**2 + 2*u. Let x(v) = -4*v**2 - v + 1. Let t(p) = -3*g(p) + 2*x(p). What is the units digit of t(w)?
1
Suppose 0 = k - 2*k. Suppose k = 4*f - 115 - 9. What is the units digit of f?
1
Suppose -3*a - 12 = -7*a. Suppose 0 = f + 2*r - 65, a*f = r + 190 + 12. What is the tens digit of f?
6
Let u(t) = -t**2 - t + 166. Let m = 86 + -86. What is the units digit of u(m)?
6
Let p(f) = 54*f + 135. What is the hundreds digit of p(8)?
5
Let y = -30 + 32. Let h(z) = z**2 - y*z + 5 + 5*z + 2*z. What is the units digit of h(5)?
5
Suppose 0 = 5*g + 2*r - 25548, 11*g - 12*g - 5*r + 5105 = 0. What is the thousands digit of g?
5
Suppose 4*t = q - 1072 + 72, 5*q + 4*t = 4928. What is the tens digit of q?
8
Suppose 0 = -2*a + 5*f + 3 - 1, 5*a - 4*f = 5. Let u be (2/2)/(a/19). Suppose 2*i - u = i. What is the tens digit of i?
1
Let x(b) = 2*b**2 + b + 4. Let m be x(0). Suppose -4 = z - 0, 3 = n + m*z. What is the units digit of n?
9
Let f = 153 + -147. What is the tens digit of (-1 - (-33)/f)/((-9)/(-264))?
3
Suppose 35 = -2*n - 4*g + 3*g, 5*g + 55 = -2*n. Let l = 75 + n. What is the units digit of l?
0
Let t = 11 - 9. Suppose t*k - 4*n - 10 = 10, k = 4*n + 20. Let a(l) = l**2 - l + 19. What is the units digit of a(k)?
9
Let l = -16 - -10. Let z be (l/(-4))/((-6)/(-88)). What is the tens digit of (-356)/(-18) + z/99?
2
Let a(r) = -2*r**3 - 3*r**2 + 4*r - 8. Let y be a(-4). Suppose -27*q + y = -23*q. What is the tens digit of q?
1
Let l be ((1 - 1) + -1)/((-4)/16). Let k = 30 - 1. Suppose 2*u + l = u, u = -3*j + k. What is the tens digit of j?
1
Let k = -29 - -33. Suppose k*y + 124 = 8*y. What is the units digit of y?
1
What is the units digit of (-260)/(-78)*9084/8?
5
Let n be (-4)/22 + (-2418)/11. What is the units digit of n/(-1)*(2 - (-9)/(-6))?
0
Let b = -58 - -58. What is the tens digit of (b + -16)*4/(-16)*10?
4
Let j = 854 + -530. Suppose 0 = -4*h + 4*n + j, n - 334 + 35 = -4*h. What is the units digit of h?
6
Let w(y) = 7*y**2 + 54*y + 628. What is the thousands digit of w(-21)?
2
Suppose -2*r - 3*a = 2, 5*a = -3*r + 2 - 7. Suppose r*y - 399 = 221. What is the units digit of y?
4
Let q = -50 - -23. Let a = 109 + q. What is the units digit of (a/4)/(2/4)?
1
Let a(c) = -2*c**3 - 3*c**2 + c + 38. What is the thousands digit of a(-12)?
3
Let d = 1036 - 1028. What is the units digit of d?
8
What is the tens digit of 465 + -8 + 4 + 0/1?
6
Suppose 1620 = l + 4*l. Suppose 7*f - l = 3*f. What is the units digit of f?
1
What is the units digit of ((-1)/((-45)/4284))/(2/10)?
6
Let g(j) = -j**2 + 18*j - 38. Suppose w - 15 + 4 = 0. What is the tens digit of g(w)?
3
Let m(o) be the first derivative of -3 + 0*o + 1/4*o**4 - 11/3*o**3 + 6*o**2. What is the tens digit of m(10)?
2
Let i be 1*12*(-16)/(-6). Suppose i = 2*f - 48. What is the tens digit of (-24)/f + (-376)/(-10)?
3
Let l(t) = t - 2. Let v be l(6). Let q be (1/(-2))/((-4)/168). Suppose v*z = 23 + q. What is the tens digit of z?
1
Suppose 29*v = 49*v - 86060. What is the hundreds digit of v?
3
Let p = 821 + 2167. What is the thousands digit of p?
2
Let x = -3253 + 5906. What is the thousands digit of x?
2
Let a(w) = 20*w**2 - 66*w + 705. What is the tens digit of a(10)?
4
Suppose -18 = -3*o - 9. What is the units digit of 0 + (1 - -32) - o?
0
Let f = 1017 + -244. What is the units digit of f?
3
Let f(r) = r**3 + 8*r**2 - r - 4. Let n be f(-8). Suppose 0 = 4*c - 3*j - 309, -n*j - 12 = -0. What is the tens digit of c?
7
Let l be -21 - ((-7)/1 - -4). Let z be l/(3 + -4 - 1). Let b = z + 0. What is the units digit of b?
9
Suppose -2*b + 5248 = 3*z, -3*z - 9044 = -3*b - 1187. What is the thousands digit of b?
2
Suppose -m + w = -567, -5*m + 5*w + 2832 = w. What is the units digit of m?
4
Let l = 2098 + -1395. What is the tens digit of l?
0
Let c = -990 - -3264. What is the thousands digit of c?
2
Let q be 8/4*(4 + -2). Suppose q*p + 0*p = 8. What is the units digit of p?
2
Suppose -2*m - 5*n + 106 = 0, -3*m - 32*n = -30*n - 181. What is the tens digit of m?
6
Let u(o) = -2*o**3 + 83*o**2 - 47*o + 119. What is the tens digit of u(40)?
3
Let j be 3 + 1 - (-4 + 12). Let m be 27/18*j/(-2). Suppose x - 4*d = -m*d + 42, -5*x + 4*d + 214 = 0. What is the units digit of x?
6
Suppose -4*v = 2*o - 2230, 0 = 4*v - 3*o - 731 - 1504. What is the units digit of v?
8
Let y(t) = -3*t**3 - t**2 - 3*t + 7. What is the tens digit of y(-4)?
9
Suppose 3*c = 3*a - 120, -5*a + c + 0*c = -204. What is the tens digit of a?
4
Let h = 1487 - 858. What is the units digit of h?
9
Suppose -4*x = 4*x - 2776. What is the tens digit of x?
4
Suppose y - w - 599 = 0, 3*y - 6*w = -5*w + 1805. What is the tens digit of y?
0
Let z = 3265 - 2131. What is the thousands digit of z?
1
Let b = 14 - 11. Suppose 0*x + x = b, 2*x = 4*o - 10. Suppose -v = -o*v + 9. What is the units digit of v?
3
Let c = 13 + -4. Let m = c - 9. Suppose -60 = -m*h - 4*h. What is the tens digit of h?
1
Let m = 122 - 7. Suppose 116*z - m*z = 156. What is the tens digit of z?
5
Let g(q) = q**3 + 5*q**2 + 4*q + 4. Let h be g(-4). Suppose -2*b = -x + 104, x + 2*b - 496 = -h*x. What is the hundreds digit of x?
1
Suppose 3*v = -v + l - 1, -4*v + 2 = -2*l. Let c be -2 + 3 - 9/v. Suppose 4*t - c - 50 = 0. What is the tens digit of t?
1
Suppose u = -5*u + 18. Suppose -3*v + 0*v - 5*w + 453 = 0, -2*v - u*w + 302 = 0. What is the hundreds digit of v?
1
Let z(o) = o**2 + 19*o + 36. Let h be z(-17). Suppose 0 = h*u + u - 2*g - 230, 3*u - g = 232. What is the tens digit of u?
7
Suppose 2*x = 4*q + 5*x - 8, x - 11 = -3*q. Let n be (36/q)/((-18)/(-420)). Suppose -4*l = 2*o - 176, 4*l + o + 3*o = n. What is the units digit of l?
6
Let y = 1377 + -116. What is the hundreds digit of y?
2
Suppose -6087 = -18*o + 38787. What is the tens digit of o?
9
What is the tens digit of 6/(-18)*(-1206 - -3)?
0
Let n be (50/32*4)/(1/4). Suppose n*l = 30*l - 70. What is the tens digit of l?
1
What is the units digit of ((-99)/(-44) - 1) + (-18142)/(-8)?
9
Suppose -2*l - t = -1224, l - 272 - 331 = -5*t. What is the tens digit of l?
1
Suppose -3*v + 3*l = -9, -11 = -2*v - 4*l - 5. Suppose -1126 = -5*u + v*c, -c + 670 = 6*u - 3*u. What is the tens digit of u?
2
Let g = 429 - 303. What is the hundreds digit of g?
1
Let h(p) = 2915*p - 33. What is the units digit of h(1)?
2
Suppose 22*x - 9*x - 23400 = 0. What is the hundreds digit of x?
8
Suppose 0 = -9*b - 14 - 4. What is the tens digit of 14/(b*(-1)/4)?
2
Suppose -s - 17 = -3*m - 2, 20 = 4*m - s. What is the tens digit of (m - 37)/((-2)/6)?
9
Let g = 85 + -81. Suppose -3*d + 325 = 4*y - 2*y, g*d = 2*y - 290. What is the tens digit of y?
5
Suppose -d - 54 = -15. Let z = d - -65. What is the units digit of z?
6
Let p = 1245 - 434. What is the units digit of p?
1
Let x(r) = -14 + 4*r - 10*r + 14. Let s be x(-2). What is the units digit of (-14)/(-2*4/s)?
1
Let q = 672 - -1321. What is the units digit of q?
3
Let v(h) = 2*h + 48. Let f be v(-22). What is the units digit of (-134)/f*(-10 + 6)?
4
Let f(j) = -17*j**2 + 8*j**2 + 12*j**2 - 2. Suppose m = 4*m - 4*r - 13, -5*m + 2*r + 17 = 0. What is the tens digit of f(m)?
2
Let f be 1/(((-12)/10)/(-6)). Suppose -25 = -3*p + f*x + 14, -5*p + 5*x + 55 = 0. What is the units digit of p?
8
Suppose 8*m = 2*m - 144. Let i = m - -53. What is the tens digit of i?
2
Let t(f) = f**3 - 7*f**2 - 9*f + 12. Let x be t(8). Suppose x*p + p = 140. What is the tens digit of p?
2
Let q = 11 - -4. Suppose -3*l - 2*l - q = 0. Let w = 29 + l. What is the units digit of w?
6
Let u be (-26)/39 + 83/3. Let f = -16 + u. Let y = 16 - f. What is the units digit of y?
5
Suppose -r + 341 = 2*p, -3 = r - 0. What is the hundreds digit of p?
1
Suppose 3*v + 5835 = 5*j, 5*j + 2*v = 4330 + 1505. What is the hundreds digit of j?
